t.
14
Suppose a = 4*l - 10, -l - 10 + 19 = 3*a. Calculate the highest common divisor of a and 614.
2
Let p be 9 - (-4 - (((-54)/(-18))/(3/(-8)) - -7)). Let t be 995 - (2/(-2))/1. What is the highest common divisor of t and p?
12
Let t be 6/14 - 225/(-63). Suppose 0*n + 58 = 3*n - t*d, -2*n + 20 = 2*d. What is the highest common divisor of 238 and n?
14
Let b = 26 + -70. Let o be (-6 - 2)/(16/(-22)). Let k be (-1)/4 - o*b/16. What is the highest common divisor of 6 and k?
6
Let j(x) = -292*x - 2038. Let o be j(-8). Calculate the highest common divisor of 6109 and o.
149
Let g = 10 - -2. Let y(b) be the second derivative of b**3/6 - b**2/2 + b - 17. Let m be y(9). What is the greatest common divisor of m and g?
4
Let c(j) = 22*j + 12. Let v be c(-9). Let b = 223 + v. Calculate the greatest common divisor of b and 296.
37
Suppose -45*z + i + 92 = -42*z, 0 = 5*z - 6*i - 149. Calculate the highest common factor of z and 18166.
31
Let h be (-36)/(-5)*(95 + -90). Let s be ((-100)/(-20))/(15/h). Calculate the greatest common factor of s and 588.
12
Suppose 0*o = 2*o - 56. Suppose -15*u - 38417 = -321*u + 4423. Calculate the greatest common factor of u and o.
28
Let q(j) = -74*j + 10366. Let n be q(138). Let t = 56 + -12. Calculate the greatest common divisor of t and n.
22
Let c = 4308 + -4287. Calculate the greatest common factor of 56 and c.
7
Let z = -637 - -747. Suppose 0 = l - w - 143 + z, 3*l - 4*w = 104. What is the greatest common factor of 350 and l?
14
Let b(c) = -2*c**3 - 5*c**2 + 265*c - 17. Let f be b(10). Calculate the highest common divisor of 1216 and f.
19
Let s be ((-3150)/(-125))/((-5)/(-50)). Calculate the greatest common factor of s and 147.
21
Let o be 3/1 - (41 - 42). Let k be (o/3)/((-4)/(-54)). What is the highest common factor of k and 27?
9
Suppose -13 - 30 = y. Let t = 28 + y. Let k = t + 30. Calculate the greatest common factor of k and 120.
15
Let p(r) = 63*r - 1763. Let z be p(45). Calculate the highest common factor of 144 and z.
16
Suppose -2*o = 6*g - 8*g - 27436, 2*o + g = 27436. Calculate the greatest common factor of 38 and o.
38
Suppose 2*b = -5*f + 111, -2*f + 1 = -5. Let p be ((-5)/3)/((95/54)/(-19)). What is the highest common factor of b and p?
6
Suppose -56*y + 98379 = -28237. Calculate the greatest common divisor of y and 952.
119
Let p = 520 + -91. Suppose -20*m = -446 - 334. Calculate the highest common divisor of m and p.
39
Suppose 7*x - x = -24. Let c be 68/20 + x/10. Suppose -22 = -c*d - 5*w + 43, 0 = -d - 4*w + 31. What is the highest common factor of 120 and d?
15
Suppose 208*v - 341250 = -51*v + 49*v. What is the greatest common factor of v and 625?
125
Let v(d) = 8*d**2 + 679*d + 127. Let c be v(-85). Calculate the highest common factor of 148 and c.
4
Let t(d) = 13 - 72*d + 44*d**2 - 2*d**3 + 88*d - d**3. Let j be t(15). What is the greatest common factor of j and 476?
28
Let l be -5 - (-3 + (-2 - (2 - 0))). Suppose -3*p - h = -4*h - 504, -5*h = -l*p + 336. Calculate the greatest common divisor of 24 and p.
24
Let p = 771768 - 771748. Let o(w) = -18*w**2 + 4*w - 4. Let j be o(5). Let x = j - -614. Calculate the highest common divisor of x and p.
20
Suppose -1443 = -9*j + 1599. Suppose -j = 185*h - 187*h. Calculate the highest common factor of 13 and h.
13
Let c(z) = z**2 + 14*z + 15. Let q be c(-13). Suppose -g + 12 = q*g. Let f = 4 + -1. What is the greatest common factor of f and g?
1
Let r = 33 + -30. Let v be (-16 + 13)*(r*142)/(-2). What is the greatest common divisor of 71 and v?
71
Let n be 21655/(-61)*(-3)/15. Calculate the highest common factor of n and 1775.
71
Let q = -217 + 316. Let x = 119 - q. Suppose 0*j + 660 = 3*j. Calculate the highest common divisor of x and j.
20
Let d(b) = -b**3 + 7*b**2 - 16. Let x be d(6). Suppose -o + 32 = x. Suppose -11*h + o*h = 272. Calculate the greatest common divisor of 34 and h.
34
Let u = -4049 + 4089. Calculate the highest common factor of u and 968.
8
Suppose -32*w + 102684 = -28*w - 4*v, 0 = -5*w - 2*v + 128404. What is the highest common divisor of 74 and w?
74
Let p = -7780 - -8158. Calculate the greatest common factor of 1218 and p.
42
Let k = 173 + -125. Let i(l) = -l**2 - 21*l - 30. Let p be i(-11). What is the greatest common factor of k and p?
16
Let s(c) = c**3 - 19*c**2 - 3*c + 45. Let w be s(19). Let i(f) = -f**2 - 15*f + 28. Let o be i(w). Calculate the highest common divisor of 48 and o.
16
Let k(m) = 123*m + 11476. Let f be k(0). Calculate the highest common divisor of f and 76.
76
Let n(x) = -x - 3. Let h be (-10)/(-6) - (1 - (-4)/(-3)). Suppose 4*v + 54 + h = 0. Let z be n(v). Calculate the greatest common factor of z and 77.
11
Let l(s) = -s**3 + 131*s + 610. Let m be l(-5). What is the highest common divisor of 1616 and m?
16
Suppose 248 = 23*a - 281. Suppose -40 = -4*y + 5*c + a, -2*y = 3*c - 37. Calculate the greatest common divisor of 833 and y.
17
Suppose -5556*j = -5550*j - 36. What is the greatest common divisor of 118 and j?
2
Let a(j) = -460*j - 830. Let b be a(-2). What is the greatest common factor of 135 and b?
45
Let w(g) = -g**2 - 12*g - 11. Let u be w(-7). Suppose q = -3*q + u. Let l(y) = y - 16. Let t be l(17). Calculate the greatest common divisor of t and q.
1
Let p(v) = 2*v**3 - 9*v**2 - 4*v + 0*v + 4*v + v - 5. Let t be p(5). Let h be 1/2 - 99/(-2). Calculate the highest common divisor of t and h.
25
Let l = 798 + -308. Calculate the highest common factor of 60 and l.
10
Let a be -15 - 45*(-78)/130. What is the greatest common divisor of a and 7356?
12
Let c = -113 + 179. Suppose -y = -2*b + 466, -2*b = -122*y + 126*y - 446. What is the highest common divisor of c and b?
33
Suppose -34*s = -19*s + 72*s - 13920. What is the greatest common divisor of s and 760?
40
Let n be 1034/2 - (-8)/((-56)/35). Let t = n - 495. What is the highest common divisor of t and 493?
17
Suppose -40108 + 20367 = 342*g - 218101. What is the greatest common factor of 3364 and g?
116
Suppose -6163 - 3503 = -3*y + w, -3*w = -3*y + 9678. What is the highest common factor of y and 345?
115
Let v be (-12)/(-5)*70/4. Let p = 5882 - 5672. What is the highest common divisor of v and p?
42
Suppose 284*o - 73516 - 42976 = 72368. What is the highest common divisor of o and 2128?
133
Let p be (12 + 0)/((280/(-30))/(-14)). Suppose 6*u = 3754 - 838. Calculate the highest common divisor of p and u.
18
Let s be -5*54/360 + (-1275)/(-4). Calculate the greatest common divisor of s and 2.
2
Suppose -38*y = -28*y - 800. Let v = 19 + -3. Calculate the highest common factor of v and y.
16
Let i = -6 - -14. Let j(z) = 29*z**3 + 4*z**2 - z - 4. Let p be j(1). Calculate the highest common divisor of i and p.
4
Suppose 1710*a = 1699*a + 77. Let z(p) = 8*p + 4. Let v be z(3). Calculate the greatest common divisor of a and v.
7
Let r(x) = 4*x**2 - 8*x + 6. Let j be r(3). Calculate the highest common factor of 1422 and j.
18
Let f(v) = 30*v + 1390. Let g be f(-46). Calculate the highest common divisor of 122 and g.
2
Let g = 93 + -85. Suppose g*x - 319 - 2057 = 0. What is the highest common divisor of 54 and x?
27
Suppose 3*v - 11 = 1. Suppose -b + v*k + 21 = 0, 5*k - 18 = -2*b + 11. Calculate the highest common factor of 272 and b.
17
Suppose -4*j - 2110 = -3*w + 250, 3126 = 4*w + 5*j. Suppose 5*k - 12*k = -w. Calculate the highest common factor of 392 and k.
56
Let h = 8356 + -8343. Calculate the greatest common factor of h and 923.
13
Let z = -375 - -713. Let v = z - 316. What is the highest common factor of 165 and v?
11
Suppose 2978 - 22257 = -41*b + 811. Calculate the greatest common factor of b and 2310.
70
Let l(h) = h**3 - 28*h**2 - 63*h + 99. Let o be l(30). Let v(f) = -136*f - 1. Let y be v(-1). Calculate the greatest common factor of o and y.
9
Suppose -4*g = 3*a - 965, 3*a + 5*g = 581 + 389. What is the highest common divisor of a and 405?
45
Let c be 499 - (22/(-176) - (-39)/(-8)). What is the greatest common divisor of c and 288?
72
Let q be -2*(-7)/(-4)*-10. Let f(l) = -4*l**3 - 4*l**2 - 7*l - 6. Let c be f(-5). Let r = c - 422. Calculate the highest common divisor of r and q.
7
Suppose n = -6*n + 5866. Suppose 4*x = 3*t - n, 92 = t - x - 189. Let c be 1 + (-2 + -98)/(-4). Calculate the greatest common factor of t and c.
26
Suppose l = -l - 25